{"id":32138,"date":"2024-03-13T16:01:17","date_gmt":"2024-03-13T15:01:17","guid":{"rendered":"https:\/\/moveupfashion.cz\/?post_type=product&#038;p=32138"},"modified":"2024-03-21T11:40:13","modified_gmt":"2024-03-21T10:40:13","slug":"kozeny-opasek-tyrkysovy-3-5cm","status":"publish","type":"product","link":"https:\/\/moveupfashion.cz\/?product=kozeny-opasek-tyrkysovy-3-5cm","title":{"rendered":"KO\u017dEN\u00dd OPASEK &#8211; TYRKYSOV\u00dd &#8211; 3.5cm"},"content":{"rendered":"","protected":false},"excerpt":{"rendered":"<div>\u0160\u00ed\u0159e: 3.5cm<\/div>\n<div>D\u00e9lka: 120cm<\/div>\n<div>Materi\u00e1l 100% k\u016f\u017ee<\/div>\n<div>\n<p>Opasek lze jednodu\u0161e zkr\u00e1tit v p\u0159edn\u00ed \u010d\u00e1sti u spony pomoc\u00ed \u0161roubku.<\/p>\n<\/div>\n","protected":false},"featured_media":32266,"comment_status":"open","ping_status":"closed","template":"","meta":[],"product_cat":[292],"product_tag":[],"_links":{"self":[{"href":"https:\/\/moveupfashion.cz\/index.php?rest_route=\/wp\/v2\/product\/32138"}],"collection":[{"href":"https:\/\/moveupfashion.cz\/index.php?rest_route=\/wp\/v2\/product"}],"about":[{"href":"https:\/\/moveupfashion.cz\/index.php?rest_route=\/wp\/v2\/types\/product"}],"replies":[{"embeddable":true,"href":"https:\/\/moveupfashion.cz\/index.php?rest_route=%2Fwp%2Fv2%2Fcomments&post=32138"}],"wp:featuredmedia":[{"embeddable":true,"href":"https:\/\/moveupfashion.cz\/index.php?rest_route=\/wp\/v2\/media\/32266"}],"wp:attachment":[{"href":"https:\/\/moveupfashion.cz\/index.php?rest_route=%2Fwp%2Fv2%2Fmedia&parent=32138"}],"wp:term":[{"taxonomy":"product_cat","embeddable":true,"href":"https:\/\/moveupfashion.cz\/index.php?rest_route=%2Fwp%2Fv2%2Fproduct_cat&post=32138"},{"taxonomy":"product_tag","embeddable":true,"href":"https:\/\/moveupfashion.cz\/index.php?rest_route=%2Fwp%2Fv2%2Fproduct_tag&post=32138"}],"curies":[{"name":"wp","href":"https:\/\/api.w.org\/{rel}","templated":true}]}}