{"id":29501,"date":"2022-04-19T15:03:30","date_gmt":"2022-04-19T13:03:30","guid":{"rendered":"https:\/\/moveupfashion.cz\/?post_type=product&#038;p=29501"},"modified":"2022-04-19T15:09:54","modified_gmt":"2022-04-19T13:09:54","slug":"panska-kozena-taska-na-doklady-cerna","status":"publish","type":"product","link":"https:\/\/moveupfashion.cz\/?product=panska-kozena-taska-na-doklady-cerna","title":{"rendered":"P\u00c1NSK\u00c1 KO\u017dEN\u00c1 TA\u0160KA NA DOKLADY\u00a0&#8211; \u010cERN\u00c1"},"content":{"rendered":"<p>Ta\u0161ka je zhotoven\u00e1 z pevn\u00e9 hov\u011bz\u00ed k\u016f\u017ee , je uzav\u00edrateln\u00e1 zipem. 1 otev\u0159en\u00e9 p\u0159ihr\u00e1dky na mobil , jedna zipov\u00e1 kapsa.\u00a0 Pou\u017eit\u00e9 kov\u00e1n\u00ed je v barv\u011b nikl.\u00a0 Sou\u010d\u00e1st\u00ed ta\u0161ky je odep\u00ednateln\u00ed pevn\u00fd popruh p\u0159es rameno.<\/p>\n","protected":false},"excerpt":{"rendered":"<p>Univerz\u00e1ln\u00ed ta\u0161ka\u00a0 je vyrobena z kvalitn\u00ed hov\u011bz\u00ed k\u016f\u017ee.<br \/>\n2 x hlavn\u00ed separace<br \/>\n1 x zipov\u00e1 kapsa<br \/>\nOdn\u00edmateln\u00fd pevn\u00fd popruh p\u0159es rameno<\/p>\n<p><strong>Materi\u00e1l<\/strong>: l\u00edcov\u00e1 hov\u011bz\u00ed use\u0148<br \/>\n<strong>Rozm\u011bry<\/strong>: 29 x 20 x 14 cm<\/p>\n","protected":false},"featured_media":29507,"comment_status":"open","ping_status":"closed","template":"","meta":[],"product_cat":[251,66,209,212],"product_tag":[],"_links":{"self":[{"href":"https:\/\/moveupfashion.cz\/index.php?rest_route=\/wp\/v2\/product\/29501"}],"collection":[{"href":"https:\/\/moveupfashion.cz\/index.php?rest_route=\/wp\/v2\/product"}],"about":[{"href":"https:\/\/moveupfashion.cz\/index.php?rest_route=\/wp\/v2\/types\/product"}],"replies":[{"embeddable":true,"href":"https:\/\/moveupfashion.cz\/index.php?rest_route=%2Fwp%2Fv2%2Fcomments&post=29501"}],"wp:featuredmedia":[{"embeddable":true,"href":"https:\/\/moveupfashion.cz\/index.php?rest_route=\/wp\/v2\/media\/29507"}],"wp:attachment":[{"href":"https:\/\/moveupfashion.cz\/index.php?rest_route=%2Fwp%2Fv2%2Fmedia&parent=29501"}],"wp:term":[{"taxonomy":"product_cat","embeddable":true,"href":"https:\/\/moveupfashion.cz\/index.php?rest_route=%2Fwp%2Fv2%2Fproduct_cat&post=29501"},{"taxonomy":"product_tag","embeddable":true,"href":"https:\/\/moveupfashion.cz\/index.php?rest_route=%2Fwp%2Fv2%2Fproduct_tag&post=29501"}],"curies":[{"name":"wp","href":"https:\/\/api.w.org\/{rel}","templated":true}]}}