{"id":29387,"date":"2024-11-12T16:09:59","date_gmt":"2024-11-12T15:09:59","guid":{"rendered":"https:\/\/moveupfashion.cz\/?post_type=product&#038;p=29387"},"modified":"2024-11-12T17:28:26","modified_gmt":"2024-11-12T16:28:26","slug":"luxusni-damska-kabelka-zdobena-kozesinou-liska","status":"publish","type":"product","link":"https:\/\/moveupfashion.cz\/?product=luxusni-damska-kabelka-zdobena-kozesinou-liska","title":{"rendered":"LUXUSN\u00cd D\u00c1MSK\u00c1 KABELKA ZDOBEN\u00c1 KO\u017dE\u0160INOU \/LI\u0160KA\/"},"content":{"rendered":"","protected":false},"excerpt":{"rendered":"<div id=\"short_description_block\">\n<div id=\"short_description_content\" class=\"rte align_justify\">\n<div id=\"short_description_block\">\n<div id=\"short_description_content\" class=\"rte align_justify\">\n<p>Elegantn\u00ed d\u00e1msk\u00e1 kabelka z prav\u00e9 k\u016f\u017ee a ko\u017ee\u0161iny p\u0159es rameno nebo do ruky.<\/p>\n<div class=\"letter letter_priority_3 letter_unread_false letter_attach_false letter_single letter_first letter_last letter_fluid letter_native-sticky letter_hover-support letter_expanded-next letter_light-mode\">\n<div class=\"letter__footer\">\n<div class=\"letter__footer-background\">\n<div class=\"letter__footer-buttons\">\n<div class=\"letter__footer-right\">\n<div class=\"letter__footer-button\">\n<div class=\"calendar-button\">Materi\u00e1l: 100% k\u016f\u017ee\/li\u0161ka<\/div>\n<\/div>\n<\/div>\n<\/div>\n<\/div>\n<\/div>\n<\/div>\n<\/div>\n<\/div>\n<\/div>\n<\/div>\n","protected":false},"featured_media":29388,"comment_status":"open","ping_status":"closed","template":"","meta":[],"product_cat":[66,209],"product_tag":[],"_links":{"self":[{"href":"https:\/\/moveupfashion.cz\/index.php?rest_route=\/wp\/v2\/product\/29387"}],"collection":[{"href":"https:\/\/moveupfashion.cz\/index.php?rest_route=\/wp\/v2\/product"}],"about":[{"href":"https:\/\/moveupfashion.cz\/index.php?rest_route=\/wp\/v2\/types\/product"}],"replies":[{"embeddable":true,"href":"https:\/\/moveupfashion.cz\/index.php?rest_route=%2Fwp%2Fv2%2Fcomments&post=29387"}],"wp:featuredmedia":[{"embeddable":true,"href":"https:\/\/moveupfashion.cz\/index.php?rest_route=\/wp\/v2\/media\/29388"}],"wp:attachment":[{"href":"https:\/\/moveupfashion.cz\/index.php?rest_route=%2Fwp%2Fv2%2Fmedia&parent=29387"}],"wp:term":[{"taxonomy":"product_cat","embeddable":true,"href":"https:\/\/moveupfashion.cz\/index.php?rest_route=%2Fwp%2Fv2%2Fproduct_cat&post=29387"},{"taxonomy":"product_tag","embeddable":true,"href":"https:\/\/moveupfashion.cz\/index.php?rest_route=%2Fwp%2Fv2%2Fproduct_tag&post=29387"}],"curies":[{"name":"wp","href":"https:\/\/api.w.org\/{rel}","templated":true}]}}