{"id":28895,"date":"2021-11-11T13:37:46","date_gmt":"2021-11-11T12:37:46","guid":{"rendered":"https:\/\/moveupfashion.cz\/?post_type=product&#038;p=28895"},"modified":"2021-11-11T14:08:02","modified_gmt":"2021-11-11T13:08:02","slug":"luxusni-kozeny-batoh-ozdoben-pravou-kozesinou-kralici-kozesina","status":"publish","type":"product","link":"https:\/\/moveupfashion.cz\/?product=luxusni-kozeny-batoh-ozdoben-pravou-kozesinou-kralici-kozesina","title":{"rendered":"LUXUSN\u00cd KO\u017dEN\u00dd BATOH OZDOBEN PR\u00c1VOU KO\u017dE\u0160\u00cdNOU \/kr\u00e1li\u010d\u00ed ko\u017ee\u0161ina\/"},"content":{"rendered":"","protected":false},"excerpt":{"rendered":"<div id=\"short_description_block\">\n<div id=\"short_description_content\" class=\"rte align_justify\">\n<div id=\"short_description_block\">\n<div id=\"short_description_content\" class=\"rte align_justify\">\n<p>Elegantn\u00ed batoh a kabelka v jednom<\/p>\n<div class=\"letter letter_priority_3 letter_unread_false letter_attach_false letter_single letter_first letter_last letter_fluid letter_native-sticky letter_hover-support letter_expanded-next letter_light-mode\">\n<div class=\"letter__body\">\n<div class=\"letter-body\">\n<div class=\"letter-body__body\">\n<div class=\"letter-body__body-wrapper\">\n<div class=\"letter-body__body-content\" tabindex=\"-1\">\n<div class=\"html-parser\">\n<div class=\"html-fishing\">\n<div class=\"html-expander\">\n<div class=\"js-helper js-readmsg-msg\">\n<div>\n<div id=\"style_16366347541074445274_BODY\">\n<div class=\"cl_662677\">\n<div>Popruhy bat\u016f\u017eku jsou nastaviteln\u00e9, umo\u017e\u0148uje nosit jej p\u0159es rameno<\/div>\n<\/div>\n<\/div>\n<\/div>\n<\/div>\n<\/div>\n<\/div>\n<\/div>\n<\/div>\n<\/div>\n<\/div>\n<\/div>\n<\/div>\n<div class=\"letter__footer\">\n<div class=\"letter__footer-background\">\n<div class=\"letter__footer-buttons\">\n<div class=\"letter__footer-left\"><\/div>\n<div class=\"letter__footer-right\">\n<div class=\"letter__footer-button\">\n<div class=\"calendar-button\">Materi\u00e1l: 100% k\u016f\u017ee\/kr\u00e1l\u00edk<\/div>\n<\/div>\n<\/div>\n<\/div>\n<\/div>\n<\/div>\n<\/div>\n<\/div>\n<\/div>\n<\/div>\n<\/div>\n","protected":false},"featured_media":28896,"comment_status":"open","ping_status":"closed","template":"","meta":[],"product_cat":[66,209,211],"product_tag":[],"_links":{"self":[{"href":"https:\/\/moveupfashion.cz\/index.php?rest_route=\/wp\/v2\/product\/28895"}],"collection":[{"href":"https:\/\/moveupfashion.cz\/index.php?rest_route=\/wp\/v2\/product"}],"about":[{"href":"https:\/\/moveupfashion.cz\/index.php?rest_route=\/wp\/v2\/types\/product"}],"replies":[{"embeddable":true,"href":"https:\/\/moveupfashion.cz\/index.php?rest_route=%2Fwp%2Fv2%2Fcomments&post=28895"}],"wp:featuredmedia":[{"embeddable":true,"href":"https:\/\/moveupfashion.cz\/index.php?rest_route=\/wp\/v2\/media\/28896"}],"wp:attachment":[{"href":"https:\/\/moveupfashion.cz\/index.php?rest_route=%2Fwp%2Fv2%2Fmedia&parent=28895"}],"wp:term":[{"taxonomy":"product_cat","embeddable":true,"href":"https:\/\/moveupfashion.cz\/index.php?rest_route=%2Fwp%2Fv2%2Fproduct_cat&post=28895"},{"taxonomy":"product_tag","embeddable":true,"href":"https:\/\/moveupfashion.cz\/index.php?rest_route=%2Fwp%2Fv2%2Fproduct_tag&post=28895"}],"curies":[{"name":"wp","href":"https:\/\/api.w.org\/{rel}","templated":true}]}}