{"id":28486,"date":"2021-05-05T10:06:42","date_gmt":"2021-05-05T08:06:42","guid":{"rendered":"https:\/\/moveupfashion.cz\/?post_type=product&#038;p=28486"},"modified":"2021-05-15T12:38:59","modified_gmt":"2021-05-15T10:38:59","slug":"damsky-vintazni-kozeny-batoh-sedy-3","status":"publish","type":"product","link":"https:\/\/moveupfashion.cz\/?product=damsky-vintazni-kozeny-batoh-sedy-3","title":{"rendered":"D\u00c1MSK\u00dd VINTA\u017dN\u00cd KO\u017dEN\u00dd BATOH (\u0160ED\u00dd)"},"content":{"rendered":"","protected":false},"excerpt":{"rendered":"<div id=\"short_description_block\">\n<div id=\"short_description_content\" class=\"rte align_justify\">\n<p>Elegantn\u00ed d\u00e1msk\u00e9 batoh z pr\u00e1v\u00e9 k\u016f\u017ee<\/p>\n<div>\n<div>\n<div>Ide\u00e1ln\u00ed pro ka\u017edou p\u0159\u00edle\u017eitost.<\/div>\n<\/div>\n<div>Modern\u00ed d\u00e1msk\u00e9 batoh hezk\u00e9 dopln\u00ed V\u00e1\u0161 outfit<\/div>\n<\/div>\n<div><\/div>\n<div>\n<div>Materi\u00e1l: 100% k\u016f\u017ee<\/div>\n<div>Rozm\u011bry: 28x36x13 cm<\/div>\n<\/div>\n<\/div>\n<\/div>\n","protected":false},"featured_media":28488,"comment_status":"open","ping_status":"closed","template":"","meta":[],"product_cat":[66,209,211,70],"product_tag":[],"_links":{"self":[{"href":"https:\/\/moveupfashion.cz\/index.php?rest_route=\/wp\/v2\/product\/28486"}],"collection":[{"href":"https:\/\/moveupfashion.cz\/index.php?rest_route=\/wp\/v2\/product"}],"about":[{"href":"https:\/\/moveupfashion.cz\/index.php?rest_route=\/wp\/v2\/types\/product"}],"replies":[{"embeddable":true,"href":"https:\/\/moveupfashion.cz\/index.php?rest_route=%2Fwp%2Fv2%2Fcomments&post=28486"}],"wp:featuredmedia":[{"embeddable":true,"href":"https:\/\/moveupfashion.cz\/index.php?rest_route=\/wp\/v2\/media\/28488"}],"wp:attachment":[{"href":"https:\/\/moveupfashion.cz\/index.php?rest_route=%2Fwp%2Fv2%2Fmedia&parent=28486"}],"wp:term":[{"taxonomy":"product_cat","embeddable":true,"href":"https:\/\/moveupfashion.cz\/index.php?rest_route=%2Fwp%2Fv2%2Fproduct_cat&post=28486"},{"taxonomy":"product_tag","embeddable":true,"href":"https:\/\/moveupfashion.cz\/index.php?rest_route=%2Fwp%2Fv2%2Fproduct_tag&post=28486"}],"curies":[{"name":"wp","href":"https:\/\/api.w.org\/{rel}","templated":true}]}}