{"id":27645,"date":"2021-04-10T11:49:24","date_gmt":"2021-04-10T09:49:24","guid":{"rendered":"https:\/\/moveupfashion.cz\/?post_type=product&#038;p=27645"},"modified":"2021-05-15T12:39:20","modified_gmt":"2021-05-15T10:39:20","slug":"damske-letni-kapri-cerna-barva","status":"publish","type":"product","link":"https:\/\/moveupfashion.cz\/?product=damske-letni-kapri-cerna-barva","title":{"rendered":"D\u00c1MSK\u00c9 LETN\u00cd KAPRI, \u010cERN\u00c1 BARVA"},"content":{"rendered":"<div id=\"columns\" class=\"offcanvas-siderbars\">\n<div class=\"main-content\">\n<div class=\"main-content-inner no-gutter\">\n<div class=\"container\">\n<div class=\"row\">\n<div id=\"center_column\" class=\"center_column space-70 col-xs-12 col-sm-12 col-md-12 col-lg-12\">\n<div id=\"content\">\n<div class=\"block_product_info\">\n<div class=\"tabs-info\">\n<div class=\"tab-content tab_product_content\">\n<div id=\"producttab-description\" class=\"page-product-box tab-pane active fade in\">\n<div class=\"rte\">\n<p>Velikost\u00a0&#8211;\u00a0univerz\u00e1ln\u00ed<\/p>\n<p>Sed\u00ed na S, M, L<\/p>\n<p>Materi\u00e1l: 100% Polyester<\/p>\n<\/div>\n<\/div>\n<\/div>\n<\/div>\n<\/div>\n<\/div>\n<\/div>\n<\/div>\n<\/div>\n<\/div>\n<\/div>\n<\/div>\n","protected":false},"excerpt":{"rendered":"<p>https:\/\/youtu.be\/8Q1YsAlxQg0<\/p>\n","protected":false},"featured_media":27621,"comment_status":"open","ping_status":"closed","template":"","meta":[],"product_cat":[15,200,203],"product_tag":[],"_links":{"self":[{"href":"https:\/\/moveupfashion.cz\/index.php?rest_route=\/wp\/v2\/product\/27645"}],"collection":[{"href":"https:\/\/moveupfashion.cz\/index.php?rest_route=\/wp\/v2\/product"}],"about":[{"href":"https:\/\/moveupfashion.cz\/index.php?rest_route=\/wp\/v2\/types\/product"}],"replies":[{"embeddable":true,"href":"https:\/\/moveupfashion.cz\/index.php?rest_route=%2Fwp%2Fv2%2Fcomments&post=27645"}],"wp:featuredmedia":[{"embeddable":true,"href":"https:\/\/moveupfashion.cz\/index.php?rest_route=\/wp\/v2\/media\/27621"}],"wp:attachment":[{"href":"https:\/\/moveupfashion.cz\/index.php?rest_route=%2Fwp%2Fv2%2Fmedia&parent=27645"}],"wp:term":[{"taxonomy":"product_cat","embeddable":true,"href":"https:\/\/moveupfashion.cz\/index.php?rest_route=%2Fwp%2Fv2%2Fproduct_cat&post=27645"},{"taxonomy":"product_tag","embeddable":true,"href":"https:\/\/moveupfashion.cz\/index.php?rest_route=%2Fwp%2Fv2%2Fproduct_tag&post=27645"}],"curies":[{"name":"wp","href":"https:\/\/api.w.org\/{rel}","templated":true}]}}