{"id":26356,"date":"2021-04-04T19:03:29","date_gmt":"2021-04-04T17:03:29","guid":{"rendered":"https:\/\/moveupfashion.cz\/?post_type=product&#038;p=26356"},"modified":"2023-03-16T12:55:44","modified_gmt":"2023-03-16T11:55:44","slug":"letni-tunika-damska-moderni-tunika-bila-2","status":"publish","type":"product","link":"https:\/\/moveupfashion.cz\/?product=letni-tunika-damska-moderni-tunika-bila-2","title":{"rendered":"LETN\u00cd TUN\u00cdKA, D\u00c1MSK\u00c1 MODERN\u00cd TUN\u00cdK\u00c1, B\u00cdL\u00c1"},"content":{"rendered":"","protected":false},"excerpt":{"rendered":"<div id=\"short_description_block\">\n<div id=\"short_description_content\" class=\"rte align_justify\">\n<div id=\"short_description_block\">\n<div id=\"short_description_content\" class=\"rte align_justify\">\n<div id=\"short_description_block\">\n<div id=\"short_description_content\" class=\"rte align_justify\">\n<div id=\"short_description_block\">\n<div id=\"short_description_content\" class=\"rte align_justify\">\n<div id=\"short_description_block\">\n<div id=\"short_description_content\" class=\"rte align_justify\">\n<div id=\"short_description_block\">\n<div id=\"short_description_content\" class=\"rte align_justify\">\n<p>Materi\u00e1l: Bavlna -95%, Elastan-5%<\/p>\n<p>Velikost Univerz\u00e1ln\u00ed<br \/>\nSed\u00ed na velikost: S, M, L<\/p>\n<p>Lze pr\u00e1t v pra\u010dce do 30\u00b0 nebo ru\u010dn\u011b.<\/p>\n<\/div>\n<\/div>\n<form id=\"buy_block\" action=\"https:\/\/moveup-fashion.cz\/cs\/kosik\" method=\"post\">\n<div class=\"box-info-product\">\n<div class=\"product_attributes clearfix\">\n<div id=\"attributes\">\n<div class=\"clearfix\"><\/div>\n<fieldset class=\"attribute_fieldset\"><\/fieldset>\n<\/div>\n<\/div>\n<\/div>\n<\/form>\n<\/div>\n<\/div>\n<\/div>\n<\/div>\n<\/div>\n<\/div>\n<\/div>\n<\/div>\n<\/div>\n<\/div>\n","protected":false},"featured_media":26357,"comment_status":"open","ping_status":"closed","template":"","meta":[],"product_cat":[15,226],"product_tag":[],"_links":{"self":[{"href":"https:\/\/moveupfashion.cz\/index.php?rest_route=\/wp\/v2\/product\/26356"}],"collection":[{"href":"https:\/\/moveupfashion.cz\/index.php?rest_route=\/wp\/v2\/product"}],"about":[{"href":"https:\/\/moveupfashion.cz\/index.php?rest_route=\/wp\/v2\/types\/product"}],"replies":[{"embeddable":true,"href":"https:\/\/moveupfashion.cz\/index.php?rest_route=%2Fwp%2Fv2%2Fcomments&post=26356"}],"wp:featuredmedia":[{"embeddable":true,"href":"https:\/\/moveupfashion.cz\/index.php?rest_route=\/wp\/v2\/media\/26357"}],"wp:attachment":[{"href":"https:\/\/moveupfashion.cz\/index.php?rest_route=%2Fwp%2Fv2%2Fmedia&parent=26356"}],"wp:term":[{"taxonomy":"product_cat","embeddable":true,"href":"https:\/\/moveupfashion.cz\/index.php?rest_route=%2Fwp%2Fv2%2Fproduct_cat&post=26356"},{"taxonomy":"product_tag","embeddable":true,"href":"https:\/\/moveupfashion.cz\/index.php?rest_route=%2Fwp%2Fv2%2Fproduct_tag&post=26356"}],"curies":[{"name":"wp","href":"https:\/\/api.w.org\/{rel}","templated":true}]}}