{"id":20838,"date":"2021-02-21T13:51:53","date_gmt":"2021-02-21T12:51:53","guid":{"rendered":"https:\/\/moveupfashion.cz\/?post_type=product&#038;p=20838"},"modified":"2021-05-15T12:41:54","modified_gmt":"2021-05-15T10:41:54","slug":"damske-kabat-bezovy-3","status":"publish","type":"product","link":"https:\/\/moveupfashion.cz\/?product=damske-kabat-bezovy-3","title":{"rendered":"D\u00c1MSK\u00c9 KAB\u00c1T, B\u00c9\u017dOV\u00dd"},"content":{"rendered":"<p>Jarn\u00ed hit. Lehk\u00fd kab\u00e1t, kter\u00fd m\u016f\u017eete nosit na ja\u0159e i v l\u00e9t\u011b. Model oversize.<\/p>\n<p>D\u00e9lka &#8211; 110 cm<\/p>\n<p>Materi\u00e1l: BAVLNA 100%<\/p>\n","protected":false},"excerpt":{"rendered":"<p>Lehk\u00fd kab\u00e1t, kter\u00fd m\u016f\u017eete nosit na ja\u0159e i v l\u00e9t\u011b.<\/p>\n<p>Velikost \u2013 M, L, XL, XXL<\/p>\n<p>&nbsp;<\/p>\n","protected":false},"featured_media":24836,"comment_status":"open","ping_status":"closed","template":"","meta":[],"product_cat":[15,219],"product_tag":[],"_links":{"self":[{"href":"https:\/\/moveupfashion.cz\/index.php?rest_route=\/wp\/v2\/product\/20838"}],"collection":[{"href":"https:\/\/moveupfashion.cz\/index.php?rest_route=\/wp\/v2\/product"}],"about":[{"href":"https:\/\/moveupfashion.cz\/index.php?rest_route=\/wp\/v2\/types\/product"}],"replies":[{"embeddable":true,"href":"https:\/\/moveupfashion.cz\/index.php?rest_route=%2Fwp%2Fv2%2Fcomments&post=20838"}],"wp:featuredmedia":[{"embeddable":true,"href":"https:\/\/moveupfashion.cz\/index.php?rest_route=\/wp\/v2\/media\/24836"}],"wp:attachment":[{"href":"https:\/\/moveupfashion.cz\/index.php?rest_route=%2Fwp%2Fv2%2Fmedia&parent=20838"}],"wp:term":[{"taxonomy":"product_cat","embeddable":true,"href":"https:\/\/moveupfashion.cz\/index.php?rest_route=%2Fwp%2Fv2%2Fproduct_cat&post=20838"},{"taxonomy":"product_tag","embeddable":true,"href":"https:\/\/moveupfashion.cz\/index.php?rest_route=%2Fwp%2Fv2%2Fproduct_tag&post=20838"}],"curies":[{"name":"wp","href":"https:\/\/api.w.org\/{rel}","templated":true}]}}