{"id":19041,"date":"2021-01-23T14:37:18","date_gmt":"2021-01-23T13:37:18","guid":{"rendered":"https:\/\/moveupfashion.cz\/?post_type=product&#038;p=19041"},"modified":"2021-05-15T12:42:31","modified_gmt":"2021-05-15T10:42:31","slug":"damske-kabat-leopardi","status":"publish","type":"product","link":"https:\/\/moveupfashion.cz\/?product=damske-kabat-leopardi","title":{"rendered":"D\u00c1MSK\u00c9 KAB\u00c1T, LEOPARD\u00cd"},"content":{"rendered":"<p>D\u00e1mske kab\u00e1ty z umelej ko\u017eu\u0161iny.<\/p>\n<p>D\u00e9lka &#8211; 110 cm<\/p>\n","protected":false},"excerpt":{"rendered":"<p>Slo\u017een\u00ed: umela ko\u017ee\u0161ina<\/p>\n","protected":false},"featured_media":19045,"comment_status":"open","ping_status":"closed","template":"","meta":[],"product_cat":[15,219],"product_tag":[],"_links":{"self":[{"href":"https:\/\/moveupfashion.cz\/index.php?rest_route=\/wp\/v2\/product\/19041"}],"collection":[{"href":"https:\/\/moveupfashion.cz\/index.php?rest_route=\/wp\/v2\/product"}],"about":[{"href":"https:\/\/moveupfashion.cz\/index.php?rest_route=\/wp\/v2\/types\/product"}],"replies":[{"embeddable":true,"href":"https:\/\/moveupfashion.cz\/index.php?rest_route=%2Fwp%2Fv2%2Fcomments&post=19041"}],"wp:featuredmedia":[{"embeddable":true,"href":"https:\/\/moveupfashion.cz\/index.php?rest_route=\/wp\/v2\/media\/19045"}],"wp:attachment":[{"href":"https:\/\/moveupfashion.cz\/index.php?rest_route=%2Fwp%2Fv2%2Fmedia&parent=19041"}],"wp:term":[{"taxonomy":"product_cat","embeddable":true,"href":"https:\/\/moveupfashion.cz\/index.php?rest_route=%2Fwp%2Fv2%2Fproduct_cat&post=19041"},{"taxonomy":"product_tag","embeddable":true,"href":"https:\/\/moveupfashion.cz\/index.php?rest_route=%2Fwp%2Fv2%2Fproduct_tag&post=19041"}],"curies":[{"name":"wp","href":"https:\/\/api.w.org\/{rel}","templated":true}]}}