{"id":17486,"date":"2020-11-11T17:38:44","date_gmt":"2020-11-11T16:38:44","guid":{"rendered":"https:\/\/moveupfashion.cz\/?post_type=product&#038;p=17486"},"modified":"2021-05-15T12:43:02","modified_gmt":"2021-05-15T10:43:02","slug":"damska-dlouha-vesta-zrzava","status":"publish","type":"product","link":"https:\/\/moveupfashion.cz\/?product=damska-dlouha-vesta-zrzava","title":{"rendered":"D\u00c1MSK\u00c1 DLOUH\u00c1 VESTA (ZRZAV\u00c1)"},"content":{"rendered":"","protected":false},"excerpt":{"rendered":"<p>Kr\u00e1sn\u00e1 vesta. Tepl\u00e1 d\u00e1msk\u00e1 vesta. Modern\u00ed model.<\/p>\n","protected":false},"featured_media":17492,"comment_status":"open","ping_status":"closed","template":"","meta":[],"product_cat":[15,208],"product_tag":[],"_links":{"self":[{"href":"https:\/\/moveupfashion.cz\/index.php?rest_route=\/wp\/v2\/product\/17486"}],"collection":[{"href":"https:\/\/moveupfashion.cz\/index.php?rest_route=\/wp\/v2\/product"}],"about":[{"href":"https:\/\/moveupfashion.cz\/index.php?rest_route=\/wp\/v2\/types\/product"}],"replies":[{"embeddable":true,"href":"https:\/\/moveupfashion.cz\/index.php?rest_route=%2Fwp%2Fv2%2Fcomments&post=17486"}],"wp:featuredmedia":[{"embeddable":true,"href":"https:\/\/moveupfashion.cz\/index.php?rest_route=\/wp\/v2\/media\/17492"}],"wp:attachment":[{"href":"https:\/\/moveupfashion.cz\/index.php?rest_route=%2Fwp%2Fv2%2Fmedia&parent=17486"}],"wp:term":[{"taxonomy":"product_cat","embeddable":true,"href":"https:\/\/moveupfashion.cz\/index.php?rest_route=%2Fwp%2Fv2%2Fproduct_cat&post=17486"},{"taxonomy":"product_tag","embeddable":true,"href":"https:\/\/moveupfashion.cz\/index.php?rest_route=%2Fwp%2Fv2%2Fproduct_tag&post=17486"}],"curies":[{"name":"wp","href":"https:\/\/api.w.org\/{rel}","templated":true}]}}