{"id":17064,"date":"2020-09-18T14:25:14","date_gmt":"2020-09-18T12:25:14","guid":{"rendered":"https:\/\/moveupfashion.cz\/?post_type=product&#038;p=17064"},"modified":"2024-10-03T16:45:14","modified_gmt":"2024-10-03T14:45:14","slug":"bavlnene-modni-sako-hnede-2","status":"publish","type":"product","link":"https:\/\/moveupfashion.cz\/?product=bavlnene-modni-sako-hnede-2","title":{"rendered":"BAVLN\u011aN\u00c9 M\u00d3DN\u00cd SAKO, HN\u011aD\u00c9"},"content":{"rendered":"","protected":false},"excerpt":{"rendered":"<p>Slo\u017een\u00ed : 95% cotton, 5% elastan<\/p>\n<p>Velikosti: M, L<\/p>\n<p>D\u00e9lka: 70 cm<\/p>\n","protected":false},"featured_media":25290,"comment_status":"open","ping_status":"closed","template":"","meta":[],"product_cat":[15,207],"product_tag":[],"_links":{"self":[{"href":"https:\/\/moveupfashion.cz\/index.php?rest_route=\/wp\/v2\/product\/17064"}],"collection":[{"href":"https:\/\/moveupfashion.cz\/index.php?rest_route=\/wp\/v2\/product"}],"about":[{"href":"https:\/\/moveupfashion.cz\/index.php?rest_route=\/wp\/v2\/types\/product"}],"replies":[{"embeddable":true,"href":"https:\/\/moveupfashion.cz\/index.php?rest_route=%2Fwp%2Fv2%2Fcomments&post=17064"}],"wp:featuredmedia":[{"embeddable":true,"href":"https:\/\/moveupfashion.cz\/index.php?rest_route=\/wp\/v2\/media\/25290"}],"wp:attachment":[{"href":"https:\/\/moveupfashion.cz\/index.php?rest_route=%2Fwp%2Fv2%2Fmedia&parent=17064"}],"wp:term":[{"taxonomy":"product_cat","embeddable":true,"href":"https:\/\/moveupfashion.cz\/index.php?rest_route=%2Fwp%2Fv2%2Fproduct_cat&post=17064"},{"taxonomy":"product_tag","embeddable":true,"href":"https:\/\/moveupfashion.cz\/index.php?rest_route=%2Fwp%2Fv2%2Fproduct_tag&post=17064"}],"curies":[{"name":"wp","href":"https:\/\/api.w.org\/{rel}","templated":true}]}}