{"id":16465,"date":"2020-09-08T15:42:40","date_gmt":"2020-09-08T13:42:40","guid":{"rendered":"https:\/\/moveupfashion.cz\/?post_type=product&#038;p=16465"},"modified":"2021-05-15T12:43:20","modified_gmt":"2021-05-15T10:43:20","slug":"damsky-kardigan-hnedy","status":"publish","type":"product","link":"https:\/\/moveupfashion.cz\/?product=damsky-kardigan-hnedy","title":{"rendered":"D\u00c1MSK\u00dd KARDIGAN, HN\u011aD\u00dd"},"content":{"rendered":"","protected":false},"excerpt":{"rendered":"<p>Modern\u00ed model. Italsk\u00e1 kvalita.<\/p>\n<p>Materi\u00e1l: 51% visk\u00f3za, 28% polyester, 21% polyamid<\/p>\n","protected":false},"featured_media":16493,"comment_status":"open","ping_status":"closed","template":"","meta":[],"product_cat":[15,231],"product_tag":[],"_links":{"self":[{"href":"https:\/\/moveupfashion.cz\/index.php?rest_route=\/wp\/v2\/product\/16465"}],"collection":[{"href":"https:\/\/moveupfashion.cz\/index.php?rest_route=\/wp\/v2\/product"}],"about":[{"href":"https:\/\/moveupfashion.cz\/index.php?rest_route=\/wp\/v2\/types\/product"}],"replies":[{"embeddable":true,"href":"https:\/\/moveupfashion.cz\/index.php?rest_route=%2Fwp%2Fv2%2Fcomments&post=16465"}],"wp:featuredmedia":[{"embeddable":true,"href":"https:\/\/moveupfashion.cz\/index.php?rest_route=\/wp\/v2\/media\/16493"}],"wp:attachment":[{"href":"https:\/\/moveupfashion.cz\/index.php?rest_route=%2Fwp%2Fv2%2Fmedia&parent=16465"}],"wp:term":[{"taxonomy":"product_cat","embeddable":true,"href":"https:\/\/moveupfashion.cz\/index.php?rest_route=%2Fwp%2Fv2%2Fproduct_cat&post=16465"},{"taxonomy":"product_tag","embeddable":true,"href":"https:\/\/moveupfashion.cz\/index.php?rest_route=%2Fwp%2Fv2%2Fproduct_tag&post=16465"}],"curies":[{"name":"wp","href":"https:\/\/api.w.org\/{rel}","templated":true}]}}