{"id":10584,"date":"2019-08-11T22:50:02","date_gmt":"2019-08-11T22:50:02","guid":{"rendered":"https:\/\/moveupfashion.cz\/?post_type=product&#038;p=10584"},"modified":"2021-05-15T12:45:41","modified_gmt":"2021-05-15T10:45:41","slug":"d-msk-ko-enkov-batoh-modr-5","status":"publish","type":"product","link":"https:\/\/moveupfashion.cz\/?product=d-msk-ko-enkov-batoh-modr-5","title":{"rendered":"D\u00c1MSK\u00dd KO\u017dENKOV\u00dd BATOH, MODR\u00dd"},"content":{"rendered":"<div>Modern\u00ed d\u00e1msk\u00fd ko\u017eenkov\u00fd\u00a0batoh hezk\u00e9 dopln\u00ed V\u00e1\u0161 outfit<\/div>\n<div>Ide\u00e1ln\u00ed pro ka\u017edou p\u0159\u00edle\u017eitost.<\/div>\n<div>Materi\u00e1l:\u00a0 ko\u017eenka<\/div>\n<div>Rozm\u011bry: 34x26x12\u00a0cm<\/div>\n","protected":false},"excerpt":{"rendered":"<p>Elegantn\u00ed d\u00e1msk\u00fd ko\u017eenkov\u00fd\u00a0batoh do ruky nedo p\u0159es rameno.<\/p>\n","protected":false},"featured_media":10585,"comment_status":"open","ping_status":"closed","template":"","meta":[],"product_cat":[66,213,215,70],"product_tag":[],"_links":{"self":[{"href":"https:\/\/moveupfashion.cz\/index.php?rest_route=\/wp\/v2\/product\/10584"}],"collection":[{"href":"https:\/\/moveupfashion.cz\/index.php?rest_route=\/wp\/v2\/product"}],"about":[{"href":"https:\/\/moveupfashion.cz\/index.php?rest_route=\/wp\/v2\/types\/product"}],"replies":[{"embeddable":true,"href":"https:\/\/moveupfashion.cz\/index.php?rest_route=%2Fwp%2Fv2%2Fcomments&post=10584"}],"wp:featuredmedia":[{"embeddable":true,"href":"https:\/\/moveupfashion.cz\/index.php?rest_route=\/wp\/v2\/media\/10585"}],"wp:attachment":[{"href":"https:\/\/moveupfashion.cz\/index.php?rest_route=%2Fwp%2Fv2%2Fmedia&parent=10584"}],"wp:term":[{"taxonomy":"product_cat","embeddable":true,"href":"https:\/\/moveupfashion.cz\/index.php?rest_route=%2Fwp%2Fv2%2Fproduct_cat&post=10584"},{"taxonomy":"product_tag","embeddable":true,"href":"https:\/\/moveupfashion.cz\/index.php?rest_route=%2Fwp%2Fv2%2Fproduct_tag&post=10584"}],"curies":[{"name":"wp","href":"https:\/\/api.w.org\/{rel}","templated":true}]}}